 divided by 167.
96
What is the remainder when 2126481 is divided by 4042?
389
What is the remainder when 8353489 is divided by 24213?
4
What is the remainder when 24720980 is divided by 772528?
84
Calculate the remainder when 431727 is divided by 4143.
855
What is the remainder when 559525 is divided by 274?
17
What is the remainder when 1625815 is divided by 316?
311
Calculate the remainder when 28247973 is divided by 9415990.
3
What is the remainder when 4022135 is divided by 472?
223
Calculate the remainder when 15043931 is divided by 6860.
6811
Calculate the remainder when 78192 is divided by 38743.
706
What is the remainder when 399378 is divided by 475?
378
What is the remainder when 416597666 is divided by 188?
6
Calculate the remainder when 6751689 is divided by 797.
302
Calculate the remainder when 1749116 is divided by 6227.
5556
Calculate the remainder when 335713 is divided by 7639.
7236
What is the remainder when 1356285 is divided by 1100?
1085
Calculate the remainder when 20170 is divided by 17888.
2282
Calculate the remainder when 772955 is divided by 1552.
59
Calculate the remainder when 13291750 is divided by 2126.
2124
What is the remainder when 96101226 is divided by 4538?
0
What is the remainder when 8600546 is divided by 454?
424
Calculate the remainder when 60865 is divided by 9857.
1723
Calculate the remainder when 2033364 is divided by 266.
60
Calculate the remainder when 458197 is divided by 64.
21
What is the remainder when 590281 is divided by 5635?
4241
What is the remainder when 1505941 is divided by 83?
72
What is the remainder when 12828448 is divided by 771?
550
Calculate the remainder when 434171 is divided by 1284.
179
What is the remainder when 31504214 is divided by 11058?
11030
Calculate the remainder when 70872 is divided by 22598.
3078
Calculate the remainder when 343192 is divided by 14921.
9
What is the remainder when 11336082 is divided by 649?
648
What is the remainder when 862364 is divided by 172466?
34
Calculate the remainder when 23174028 is divided by 236.
8
What is the remainder when 64172836 is divided by 370941?
43
Calculate the remainder when 224076 is divided by 72335.
7071
Calculate the remainder when 6230 is divided by 1734.
1028
Calculate the remainder when 5273402 is divided by 1442.
8
What is the remainder when 2885439 is divided by 2460?
2319
What is the remainder when 34082999 is divided by 222?
5
What is the remainder when 130224 is divided by 816?
480
What is the remainder when 160317 is divided by 506?
421
What is the remainder when 38074 is divided by 7590?
124
What is the remainder when 1171456 is divided by 266?
258
What is the remainder when 93672650 is divided by 1112?
1106
What is the remainder when 1762203381 is divided by 5028?
5025
What is the remainder when 4942070 is divided by 540?
530
Calculate the remainder when 788386 is divided by 261994.
2404
What is the remainder when 1219542 is divided by 9611?
8556
Calculate the remainder when 871503 is divided by 48.
15
Calculate the remainder when 124347748 is divided by 72.
4
What is the remainder when 2529439 is divided by 4065?
1009
What is the remainder when 482798 is divided by 2980?
38
What is the remainder when 7949217 is divided by 24?
9
Calculate the remainder when 13377323 is divided by 12.
11
What is the remainder when 14925 is divided by 7190?
545
Calculate the remainder when 9159511 is divided by 97.
92
Calculate the remainder when 12611752 is divided by 438.
418
What is the remainder when 313158 is divided by 2632?
2582
Calculate the remainder when 340130 is divided by 85004.
114
Calculate the remainder when 75574282 is divided by 123.
7
What is the remainder when 5773320 is divided by 72?
0
What is the remainder when 1185730 is divided by 8914?
168
Calculate the remainder when 1761803 is divided by 122.
1
Calculate the remainder when 245663 is divided by 61413.
11
What is the remainder when 3739228 is divided by 2822?
78
What is the remainder when 211602 is divided by 91?
27
What is the remainder when 500198 is divided by 252?
230
What is the remainder when 249669 is divided by 954?
675
Calculate the remainder when 59859406 is divided by 102.
94
Calculate the remainder when 1209669389 is divided by 27.
26
What is the remainder when 57152 is divided by 1122?
1052
What is the remainder when 244549475 is divided by 547?
544
Calculate the remainder when 3669792 is divided by 13342.
742
What is the remainder when 19731832 is divided by 1658?
1632
What is the remainder when 102118 is divided by 45?
13
What is the remainder when 150370 is divided by 50096?
82
What is the remainder when 61293 is divided by 1071?
246
What is the remainder when 419860 is divided by 205596?
8668
What is the remainder when 30773132 is divided by 22?
16
What is the remainder when 154202 is divided by 19?
17
What is the remainder when 16633139 is divided by 3?
2
What is the remainder when 4845925 is divided by 23638?
135
Calculate the remainder when 34371 is divided by 361.
76
What is the remainder when 499094398 is divided by 960?
958
Calculate the remainder when 213017 is divided by 397.
225
Calculate the remainder when 36332774 is divided by 36332760.
14
Calculate the remainder when 55410 is divided by 53267.
2143
What is the remainder when 48598 is divided by 1004?
406
Calculate the remainder when 65762 is divided by 884.
346
Calculate the remainder when 3702685 is divided by 928.
893
Calculate the remainder when 3780689 is divided by 1279.
1244
What is the remainder when 1062594 is divided by 234?
0
What is the remainder when 601777 is divided by 200505?
262
Calculate the remainder when 1192063 is divided by 67.
66
What is the remainder when 1781508 is divided by 2726?
1430
What is the remainder when 28834 is divided by 92?
38
What is the remainder when 2681435 is divided by 80?
75
Calculate the remainder when 402101 is divided by 22333.
107
Calculate the remainder when 7004059 is divided by 980.
979
What is the remainder when 915688 is divided by 2228?
2208
What is the remainder when 1876457 is divided by 9109?
3
What is the remainder when 4041840 is divided by 37?
34
What is the remainder when 46589 is divided by 1672?
1445
What is the remainder when 311321493 is divided by 1822?
1819
Calculate the remainder when 97633 is divided by 5419.
91
What is the remainder when 106173 is divided by 38?
1
What is the remainder when 2878110 is divided by 66?
48
What is the remainder when 3605492 is divided by 1398?
50
Calculate the remainder when 4458107 is divided by 29.
24
Calculate the remainder when 34309913 is divided by 364.
1
What is the remainder when 612353 is divided by 6185?
38
What is the remainder when 4492273 is divided by 19?
8
Calculate the remainder when 99440 is divided by 24858.
8
Calculate the remainder when 8316235 is divided by 117.
109
What is the remainder when 1706541 is divided by 72?
69
What is the remainder when 7214784 is divided by 1510?
4
Calculate the remainder when 4303272 is divided by 288.
264
Calculate the remainder when 4913809 is divided by 777.
61
What is the remainder when 789182 is divided by 9254?
2592
What is the remainder when 4988763 is divided by 1504?
1499
Calculate the remainder when 1607820 is divided by 163.
151
Calculate the remainder when 3598908 is divided by 11.
5
What is the remainder when 145240 is divided by 114?
4
Calculate the remainder when 33128019 is divided by 373.
24
What is the remainder when 143403571 is divided by 71701776?
19
What is the remainder when 1111932 is divided by 555882?
168
Calculate the remainder when 150027 is divided by 29288.
3587
What is the remainder when 87553 is divided by 12176?
2321
Calculate the remainder when 44357760 is divided by 328576.
0
What is the remainder when 152984 is divided by 143?
117
Calculate the remainder when 360949 is divided by 13368.
13
What is the remainder when 795496 is divided by 265115?
151
Calculate the remainder when 1413897 is divided by 1283.
31
What is the remainder when 115964 is divided by 957?
167
Calculate the remainder when 327938 is divided by 123.
20
Calculate the remainder when 331985 is divided by 82269.
2909
Calculate the remainder when 10032336 is divided by 919.
532
Calculate the remainder when 2415760 is div